{"id":7761,"date":"2025-09-17T16:17:50","date_gmt":"2025-09-17T16:17:50","guid":{"rendered":"https:\/\/rc2tworld.net\/website\/?page_id=7761"},"modified":"2025-09-17T16:43:23","modified_gmt":"2025-09-17T16:43:23","slug":"partenaires-medias","status":"publish","type":"page","link":"https:\/\/rc2tworld.net\/website\/partenaires-medias\/","title":{"rendered":"Partenaires M\u00e9dias"},"content":{"rendered":"\t\t<div data-elementor-type=\"wp-page\" data-elementor-id=\"7761\" class=\"elementor elementor-7761\" data-elementor-post-type=\"page\">\n\t\t\t\t<div class=\"elementor-element elementor-element-b4826ca e-flex e-con-boxed e-con e-parent\" data-id=\"b4826ca\" data-element_type=\"container\">\n\t\t\t\t\t<div class=\"e-con-inner\">\n\t\t<div class=\"elementor-element elementor-element-cd7cf5f e-con-full e-flex e-con e-child\" data-id=\"cd7cf5f\" data-element_type=\"container\">\n\t\t\t\t<div class=\"elementor-element elementor-element-c23d6ca elementor-widget elementor-widget-spacer\" data-id=\"c23d6ca\" data-element_type=\"widget\" data-widget_type=\"spacer.default\">\n\t\t\t\t\t\t\t<div class=\"elementor-spacer\">\n\t\t\t<div class=\"elementor-spacer-inner\"><\/div>\n\t\t<\/div>\n\t\t\t\t\t\t<\/div>\n\t\t\t\t<div class=\"elementor-element elementor-element-c502c72 elementor-widget elementor-widget-heading\" data-id=\"c502c72\" data-element_type=\"widget\" data-widget_type=\"heading.default\">\n\t\t\t\t\t<h1 class=\"elementor-heading-title elementor-size-default\">Partenaires M\u00e9dias<\/h1>\t\t\t\t<\/div>\n\t\t\t\t<div class=\"elementor-element elementor-element-2fde771 elementor-widget elementor-widget-text-editor\" data-id=\"2fde771\" data-element_type=\"widget\" data-widget_type=\"text-editor.default\">\n\t\t\t\t\t\t\t\t\t<p style=\"color: #161c2d;\">Connect Tunisia a eu l\u2019honneur de collaborer avec plusieurs m\u00e9dias influents qui ont permis de donner plus de visibilit\u00e9 \u00e0 notre \u00e9v\u00e9nement. Leur soutien contribue \u00e0 renforcer la confiance autour de notre travail et \u00e0 faire rayonner l\u2019innovation tunisienne.<\/p>\n\t\t\t\t\t\t\t\t<\/div>\n\t\t\t\t<div class=\"elementor-element elementor-element-69afb6e elementor-widget-divider--view-line elementor-widget elementor-widget-divider\" data-id=\"69afb6e\" data-element_type=\"widget\" data-widget_type=\"divider.default\">\n\t\t\t\t\t\t\t<div class=\"elementor-divider\">\n\t\t\t<span class=\"elementor-divider-separator\">\n\t\t\t\t\t\t<\/span>\n\t\t<\/div>\n\t\t\t\t\t\t<\/div>\n\t\t\t\t<div class=\"elementor-element elementor-element-0e8b3b8 elementor-widget elementor-widget-heading\" data-id=\"0e8b3b8\" data-element_type=\"widget\" data-widget_type=\"heading.default\">\n\t\t\t\t\t<h1 class=\"elementor-heading-title elementor-size-default\">Ils ont parl\u00e9 de nous<\/h1>\t\t\t\t<\/div>\n\t\t\t\t<div class=\"elementor-element elementor-element-94c160d elementor-widget elementor-widget-text-editor\" data-id=\"94c160d\" data-element_type=\"widget\" data-widget_type=\"text-editor.default\">\n\t\t\t\t\t\t\t\t\t<p style=\"color: #161c2d;\">D\u00e9couvrez ce que les m\u00e9dias et nos partenaires disent de notre travail, de nos valeurs et de nos r\u00e9ussites.<\/p>\n\t\t\t\t\t\t\t\t<\/div>\n\t\t\t\t<div class=\"elementor-element elementor-element-3d94f36 elementor-widget elementor-widget-spacer\" data-id=\"3d94f36\" data-element_type=\"widget\" data-widget_type=\"spacer.default\">\n\t\t\t\t\t\t\t<div class=\"elementor-spacer\">\n\t\t\t<div class=\"elementor-spacer-inner\"><\/div>\n\t\t<\/div>\n\t\t\t\t\t\t<\/div>\n\t\t\t\t<\/div>\n\t\t<div class=\"elementor-element elementor-element-dcaee94 e-con-full e-flex e-con e-child\" data-id=\"dcaee94\" data-element_type=\"container\" data-settings=\"{&quot;background_background&quot;:&quot;classic&quot;}\">\n\t\t\t\t<\/div>\n\t\t\t\t\t<\/div>\n\t\t\t\t<\/div>\n\t\t<div class=\"elementor-element elementor-element-9a3b82c e-flex e-con-boxed e-con e-parent\" data-id=\"9a3b82c\" data-element_type=\"container\">\n\t\t\t\t\t<div class=\"e-con-inner\">\n\t\t<div class=\"elementor-element elementor-element-a09d92c e-con-full e-flex e-con e-child\" data-id=\"a09d92c\" data-element_type=\"container\">\n\t\t\t\t<div class=\"elementor-element elementor-element-15355e0 elementor-widget elementor-widget-gallery\" data-id=\"15355e0\" data-element_type=\"widget\" data-settings=\"{&quot;gallery_layout&quot;:&quot;justified&quot;,&quot;ideal_row_height&quot;:{&quot;unit&quot;:&quot;px&quot;,&quot;size&quot;:190,&quot;sizes&quot;:[]},&quot;gap&quot;:{&quot;unit&quot;:&quot;px&quot;,&quot;size&quot;:40,&quot;sizes&quot;:[]},&quot;lazyload&quot;:&quot;yes&quot;,&quot;ideal_row_height_tablet&quot;:{&quot;unit&quot;:&quot;px&quot;,&quot;size&quot;:150,&quot;sizes&quot;:[]},&quot;ideal_row_height_mobile&quot;:{&quot;unit&quot;:&quot;px&quot;,&quot;size&quot;:150,&quot;sizes&quot;:[]},&quot;gap_tablet&quot;:{&quot;unit&quot;:&quot;px&quot;,&quot;size&quot;:10,&quot;sizes&quot;:[]},&quot;gap_mobile&quot;:{&quot;unit&quot;:&quot;px&quot;,&quot;size&quot;:10,&quot;sizes&quot;:[]},&quot;link_to&quot;:&quot;file&quot;,&quot;overlay_background&quot;:&quot;yes&quot;,&quot;content_hover_animation&quot;:&quot;fade-in&quot;}\" data-widget_type=\"gallery.default\">\n\t\t\t\t\t\t\t<div class=\"elementor-gallery__container\">\n\t\t\t\t\t\t\t<a class=\"e-gallery-item elementor-gallery-item elementor-animated-content\" href=\"https:\/\/rc2tworld.net\/website\/wp-content\/uploads\/2025\/09\/Capture-decran-2025-04-19-a-21.36.53.png\" data-elementor-open-lightbox=\"yes\" data-elementor-lightbox-slideshow=\"15355e0\" data-elementor-lightbox-title=\"Capture-decran-2025-04-19-a-21.36.53\" data-e-action-hash=\"#elementor-action%3Aaction%3Dlightbox%26settings%3DeyJpZCI6Nzc2NiwidXJsIjoiaHR0cHM6XC9cL3JjMnR3b3JsZC5uZXRcL3dlYnNpdGVcL3dwLWNvbnRlbnRcL3VwbG9hZHNcLzIwMjVcLzA5XC9DYXB0dXJlLWRlY3Jhbi0yMDI1LTA0LTE5LWEtMjEuMzYuNTMucG5nIiwic2xpZGVzaG93IjoiMTUzNTVlMCJ9\">\n\t\t\t\t\t<div class=\"e-gallery-image elementor-gallery-item__image\" data-thumbnail=\"https:\/\/rc2tworld.net\/website\/wp-content\/uploads\/2025\/09\/Capture-decran-2025-04-19-a-21.36.53.png\" data-width=\"170\" data-height=\"149\" aria-label=\"\" role=\"img\" ><\/div>\n\t\t\t\t\t\t\t\t\t\t\t<div class=\"elementor-gallery-item__overlay\"><\/div>\n\t\t\t\t\t\t\t\t\t\t\t\t\t\t<\/a>\n\t\t\t\t\t\t\t<a class=\"e-gallery-item elementor-gallery-item elementor-animated-content\" href=\"https:\/\/rc2tworld.net\/website\/wp-content\/uploads\/2025\/09\/Capture-decran-2025-04-19-a-21.38.28.png\" data-elementor-open-lightbox=\"yes\" data-elementor-lightbox-slideshow=\"15355e0\" data-elementor-lightbox-title=\"Capture-decran-2025-04-19-a-21.38.28\" data-e-action-hash=\"#elementor-action%3Aaction%3Dlightbox%26settings%3DeyJpZCI6Nzc3MiwidXJsIjoiaHR0cHM6XC9cL3JjMnR3b3JsZC5uZXRcL3dlYnNpdGVcL3dwLWNvbnRlbnRcL3VwbG9hZHNcLzIwMjVcLzA5XC9DYXB0dXJlLWRlY3Jhbi0yMDI1LTA0LTE5LWEtMjEuMzguMjgucG5nIiwic2xpZGVzaG93IjoiMTUzNTVlMCJ9\">\n\t\t\t\t\t<div class=\"e-gallery-image elementor-gallery-item__image\" data-thumbnail=\"https:\/\/rc2tworld.net\/website\/wp-content\/uploads\/2025\/09\/Capture-decran-2025-04-19-a-21.38.28.png\" data-width=\"185\" data-height=\"171\" aria-label=\"\" role=\"img\" ><\/div>\n\t\t\t\t\t\t\t\t\t\t\t<div class=\"elementor-gallery-item__overlay\"><\/div>\n\t\t\t\t\t\t\t\t\t\t\t\t\t\t<\/a>\n\t\t\t\t\t\t\t<a class=\"e-gallery-item elementor-gallery-item elementor-animated-content\" href=\"https:\/\/rc2tworld.net\/website\/wp-content\/uploads\/2025\/09\/Capture-decran-2025-04-19-a-21.36.14.png\" data-elementor-open-lightbox=\"yes\" data-elementor-lightbox-slideshow=\"15355e0\" data-elementor-lightbox-title=\"Capture-decran-2025-04-19-a-21.36.14\" data-e-action-hash=\"#elementor-action%3Aaction%3Dlightbox%26settings%3DeyJpZCI6Nzc2OSwidXJsIjoiaHR0cHM6XC9cL3JjMnR3b3JsZC5uZXRcL3dlYnNpdGVcL3dwLWNvbnRlbnRcL3VwbG9hZHNcLzIwMjVcLzA5XC9DYXB0dXJlLWRlY3Jhbi0yMDI1LTA0LTE5LWEtMjEuMzYuMTQucG5nIiwic2xpZGVzaG93IjoiMTUzNTVlMCJ9\">\n\t\t\t\t\t<div class=\"e-gallery-image elementor-gallery-item__image\" data-thumbnail=\"https:\/\/rc2tworld.net\/website\/wp-content\/uploads\/2025\/09\/Capture-decran-2025-04-19-a-21.36.14.png\" data-width=\"181\" data-height=\"149\" aria-label=\"\" role=\"img\" ><\/div>\n\t\t\t\t\t\t\t\t\t\t\t<div class=\"elementor-gallery-item__overlay\"><\/div>\n\t\t\t\t\t\t\t\t\t\t\t\t\t\t<\/a>\n\t\t\t\t\t\t\t<a class=\"e-gallery-item elementor-gallery-item elementor-animated-content\" href=\"https:\/\/rc2tworld.net\/website\/wp-content\/uploads\/2025\/09\/Capture-decran-2025-04-19-a-21.38.14.png\" data-elementor-open-lightbox=\"yes\" data-elementor-lightbox-slideshow=\"15355e0\" data-elementor-lightbox-title=\"Capture-decran-2025-04-19-a-21.38.14\" data-e-action-hash=\"#elementor-action%3Aaction%3Dlightbox%26settings%3DeyJpZCI6Nzc3MSwidXJsIjoiaHR0cHM6XC9cL3JjMnR3b3JsZC5uZXRcL3dlYnNpdGVcL3dwLWNvbnRlbnRcL3VwbG9hZHNcLzIwMjVcLzA5XC9DYXB0dXJlLWRlY3Jhbi0yMDI1LTA0LTE5LWEtMjEuMzguMTQucG5nIiwic2xpZGVzaG93IjoiMTUzNTVlMCJ9\">\n\t\t\t\t\t<div class=\"e-gallery-image elementor-gallery-item__image\" data-thumbnail=\"https:\/\/rc2tworld.net\/website\/wp-content\/uploads\/2025\/09\/Capture-decran-2025-04-19-a-21.38.14.png\" data-width=\"227\" data-height=\"193\" aria-label=\"\" role=\"img\" ><\/div>\n\t\t\t\t\t\t\t\t\t\t\t<div class=\"elementor-gallery-item__overlay\"><\/div>\n\t\t\t\t\t\t\t\t\t\t\t\t\t\t<\/a>\n\t\t\t\t\t\t\t<a class=\"e-gallery-item elementor-gallery-item elementor-animated-content\" href=\"https:\/\/rc2tworld.net\/website\/wp-content\/uploads\/2025\/09\/Capture-decran-2025-04-19-a-21.37.26.png\" data-elementor-open-lightbox=\"yes\" data-elementor-lightbox-slideshow=\"15355e0\" data-elementor-lightbox-title=\"Capture-decran-2025-04-19-a-21.37.26\" data-e-action-hash=\"#elementor-action%3Aaction%3Dlightbox%26settings%3DeyJpZCI6Nzc2OCwidXJsIjoiaHR0cHM6XC9cL3JjMnR3b3JsZC5uZXRcL3dlYnNpdGVcL3dwLWNvbnRlbnRcL3VwbG9hZHNcLzIwMjVcLzA5XC9DYXB0dXJlLWRlY3Jhbi0yMDI1LTA0LTE5LWEtMjEuMzcuMjYucG5nIiwic2xpZGVzaG93IjoiMTUzNTVlMCJ9\">\n\t\t\t\t\t<div class=\"e-gallery-image elementor-gallery-item__image\" data-thumbnail=\"https:\/\/rc2tworld.net\/website\/wp-content\/uploads\/2025\/09\/Capture-decran-2025-04-19-a-21.37.26.png\" data-width=\"207\" data-height=\"173\" aria-label=\"\" role=\"img\" ><\/div>\n\t\t\t\t\t\t\t\t\t\t\t<div class=\"elementor-gallery-item__overlay\"><\/div>\n\t\t\t\t\t\t\t\t\t\t\t\t\t\t<\/a>\n\t\t\t\t\t\t\t<a class=\"e-gallery-item elementor-gallery-item elementor-animated-content\" href=\"https:\/\/rc2tworld.net\/website\/wp-content\/uploads\/2025\/09\/Capture-decran-2025-04-19-a-21.37.09.png\" data-elementor-open-lightbox=\"yes\" data-elementor-lightbox-slideshow=\"15355e0\" data-elementor-lightbox-title=\"Capture-decran-2025-04-19-a-21.37.09\" data-e-action-hash=\"#elementor-action%3Aaction%3Dlightbox%26settings%3DeyJpZCI6Nzc2NywidXJsIjoiaHR0cHM6XC9cL3JjMnR3b3JsZC5uZXRcL3dlYnNpdGVcL3dwLWNvbnRlbnRcL3VwbG9hZHNcLzIwMjVcLzA5XC9DYXB0dXJlLWRlY3Jhbi0yMDI1LTA0LTE5LWEtMjEuMzcuMDkucG5nIiwic2xpZGVzaG93IjoiMTUzNTVlMCJ9\">\n\t\t\t\t\t<div class=\"e-gallery-image elementor-gallery-item__image\" data-thumbnail=\"https:\/\/rc2tworld.net\/website\/wp-content\/uploads\/2025\/09\/Capture-decran-2025-04-19-a-21.37.09.png\" data-width=\"170\" data-height=\"149\" aria-label=\"\" role=\"img\" ><\/div>\n\t\t\t\t\t\t\t\t\t\t\t<div class=\"elementor-gallery-item__overlay\"><\/div>\n\t\t\t\t\t\t\t\t\t\t\t\t\t\t<\/a>\n\t\t\t\t\t\t\t<a class=\"e-gallery-item elementor-gallery-item elementor-animated-content\" href=\"https:\/\/rc2tworld.net\/website\/wp-content\/uploads\/2025\/09\/Capture-decran-2025-04-19-a-21.37.39.png\" data-elementor-open-lightbox=\"yes\" data-elementor-lightbox-slideshow=\"15355e0\" data-elementor-lightbox-title=\"Capture-decran-2025-04-19-a-21.37.39\" data-e-action-hash=\"#elementor-action%3Aaction%3Dlightbox%26settings%3DeyJpZCI6Nzc2NSwidXJsIjoiaHR0cHM6XC9cL3JjMnR3b3JsZC5uZXRcL3dlYnNpdGVcL3dwLWNvbnRlbnRcL3VwbG9hZHNcLzIwMjVcLzA5XC9DYXB0dXJlLWRlY3Jhbi0yMDI1LTA0LTE5LWEtMjEuMzcuMzkucG5nIiwic2xpZGVzaG93IjoiMTUzNTVlMCJ9\">\n\t\t\t\t\t<div class=\"e-gallery-image elementor-gallery-item__image\" data-thumbnail=\"https:\/\/rc2tworld.net\/website\/wp-content\/uploads\/2025\/09\/Capture-decran-2025-04-19-a-21.37.39.png\" data-width=\"207\" data-height=\"173\" aria-label=\"\" role=\"img\" ><\/div>\n\t\t\t\t\t\t\t\t\t\t\t<div class=\"elementor-gallery-item__overlay\"><\/div>\n\t\t\t\t\t\t\t\t\t\t\t\t\t\t<\/a>\n\t\t\t\t\t\t\t<a class=\"e-gallery-item elementor-gallery-item elementor-animated-content\" href=\"https:\/\/rc2tworld.net\/website\/wp-content\/uploads\/2025\/09\/Capture-decran-2025-04-19-a-21.36.33.png\" data-elementor-open-lightbox=\"yes\" data-elementor-lightbox-slideshow=\"15355e0\" data-elementor-lightbox-title=\"Capture-decran-2025-04-19-a-21.36.33\" data-e-action-hash=\"#elementor-action%3Aaction%3Dlightbox%26settings%3DeyJpZCI6Nzc3MCwidXJsIjoiaHR0cHM6XC9cL3JjMnR3b3JsZC5uZXRcL3dlYnNpdGVcL3dwLWNvbnRlbnRcL3VwbG9hZHNcLzIwMjVcLzA5XC9DYXB0dXJlLWRlY3Jhbi0yMDI1LTA0LTE5LWEtMjEuMzYuMzMucG5nIiwic2xpZGVzaG93IjoiMTUzNTVlMCJ9\">\n\t\t\t\t\t<div class=\"e-gallery-image elementor-gallery-item__image\" data-thumbnail=\"https:\/\/rc2tworld.net\/website\/wp-content\/uploads\/2025\/09\/Capture-decran-2025-04-19-a-21.36.33.png\" data-width=\"170\" data-height=\"149\" aria-label=\"\" role=\"img\" ><\/div>\n\t\t\t\t\t\t\t\t\t\t\t<div class=\"elementor-gallery-item__overlay\"><\/div>\n\t\t\t\t\t\t\t\t\t\t\t\t\t\t<\/a>\n\t\t\t\t\t\t\t<a class=\"e-gallery-item elementor-gallery-item elementor-animated-content\" href=\"https:\/\/rc2tworld.net\/website\/wp-content\/uploads\/2025\/09\/Capture-decran-2025-04-19-a-21.38.39.png\" data-elementor-open-lightbox=\"yes\" data-elementor-lightbox-slideshow=\"15355e0\" data-elementor-lightbox-title=\"Capture-decran-2025-04-19-a-21.38.39\" data-e-action-hash=\"#elementor-action%3Aaction%3Dlightbox%26settings%3DeyJpZCI6Nzc3MywidXJsIjoiaHR0cHM6XC9cL3JjMnR3b3JsZC5uZXRcL3dlYnNpdGVcL3dwLWNvbnRlbnRcL3VwbG9hZHNcLzIwMjVcLzA5XC9DYXB0dXJlLWRlY3Jhbi0yMDI1LTA0LTE5LWEtMjEuMzguMzkucG5nIiwic2xpZGVzaG93IjoiMTUzNTVlMCJ9\">\n\t\t\t\t\t<div class=\"e-gallery-image elementor-gallery-item__image\" data-thumbnail=\"https:\/\/rc2tworld.net\/website\/wp-content\/uploads\/2025\/09\/Capture-decran-2025-04-19-a-21.38.39.png\" data-width=\"185\" data-height=\"171\" aria-label=\"\" role=\"img\" ><\/div>\n\t\t\t\t\t\t\t\t\t\t\t<div class=\"elementor-gallery-item__overlay\"><\/div>\n\t\t\t\t\t\t\t\t\t\t\t\t\t\t<\/a>\n\t\t\t\t\t<\/div>\n\t\t\t\t\t<\/div>\n\t\t\t\t<\/div>\n\t\t<div class=\"elementor-element elementor-element-7735914 e-con-full e-flex e-con e-child\" data-id=\"7735914\" data-element_type=\"container\">\n\t\t\t\t<div class=\"elementor-element elementor-element-b7622c8 elementor-widget elementor-widget-heading\" data-id=\"b7622c8\" data-element_type=\"widget\" data-widget_type=\"heading.default\">\n\t\t\t\t\t<h1 class=\"elementor-heading-title elementor-size-default\">Interventions M\u00e9dias<\/h1>\t\t\t\t<\/div>\n\t\t\t\t<\/div>\n\t\t<div class=\"elementor-element elementor-element-165fa6e e-con-full e-flex e-con e-child\" data-id=\"165fa6e\" data-element_type=\"container\">\n\t\t\t\t<div class=\"elementor-element elementor-element-db16fe8 elementor-widget elementor-widget-video\" data-id=\"db16fe8\" data-element_type=\"widget\" data-settings=\"{&quot;youtube_url&quot;:&quot;https:\\\/\\\/www.youtube.com\\\/watch?v=XHOmBV4js_E&quot;,&quot;video_type&quot;:&quot;youtube&quot;,&quot;controls&quot;:&quot;yes&quot;}\" data-widget_type=\"video.default\">\n\t\t\t\t\t\t\t<div class=\"elementor-wrapper elementor-open-inline\">\n\t\t\t<div class=\"elementor-video\"><\/div>\t\t<\/div>\n\t\t\t\t\t\t<\/div>\n\t\t\t\t<div class=\"elementor-element elementor-element-58673e9 elementor-widget elementor-widget-video\" data-id=\"58673e9\" data-element_type=\"widget\" data-settings=\"{&quot;youtube_url&quot;:&quot;https:\\\/\\\/www.youtube.com\\\/watch?v=XHOmBV4js_E&quot;,&quot;video_type&quot;:&quot;youtube&quot;,&quot;controls&quot;:&quot;yes&quot;}\" data-widget_type=\"video.default\">\n\t\t\t\t\t\t\t<div class=\"elementor-wrapper elementor-open-inline\">\n\t\t\t<div class=\"elementor-video\"><\/div>\t\t<\/div>\n\t\t\t\t\t\t<\/div>\n\t\t\t\t<div class=\"elementor-element elementor-element-3f4264f elementor-widget elementor-widget-video\" data-id=\"3f4264f\" data-element_type=\"widget\" data-settings=\"{&quot;youtube_url&quot;:&quot;https:\\\/\\\/www.youtube.com\\\/watch?v=XHOmBV4js_E&quot;,&quot;video_type&quot;:&quot;youtube&quot;,&quot;controls&quot;:&quot;yes&quot;}\" data-widget_type=\"video.default\">\n\t\t\t\t\t\t\t<div class=\"elementor-wrapper elementor-open-inline\">\n\t\t\t<div class=\"elementor-video\"><\/div>\t\t<\/div>\n\t\t\t\t\t\t<\/div>\n\t\t\t\t<\/div>\n\t\t<div class=\"elementor-element elementor-element-ba901d3 e-con-full e-flex e-con e-child\" data-id=\"ba901d3\" data-element_type=\"container\">\n\t\t\t\t<div class=\"elementor-element elementor-element-3a972f3 elementor-widget elementor-widget-video\" data-id=\"3a972f3\" data-element_type=\"widget\" data-settings=\"{&quot;youtube_url&quot;:&quot;https:\\\/\\\/www.youtube.com\\\/watch?v=XHOmBV4js_E&quot;,&quot;video_type&quot;:&quot;youtube&quot;,&quot;controls&quot;:&quot;yes&quot;}\" data-widget_type=\"video.default\">\n\t\t\t\t\t\t\t<div class=\"elementor-wrapper elementor-open-inline\">\n\t\t\t<div class=\"elementor-video\"><\/div>\t\t<\/div>\n\t\t\t\t\t\t<\/div>\n\t\t\t\t<div class=\"elementor-element elementor-element-25e3df4 elementor-widget elementor-widget-video\" data-id=\"25e3df4\" data-element_type=\"widget\" data-settings=\"{&quot;youtube_url&quot;:&quot;https:\\\/\\\/www.youtube.com\\\/watch?v=XHOmBV4js_E&quot;,&quot;video_type&quot;:&quot;youtube&quot;,&quot;controls&quot;:&quot;yes&quot;}\" data-widget_type=\"video.default\">\n\t\t\t\t\t\t\t<div class=\"elementor-wrapper elementor-open-inline\">\n\t\t\t<div class=\"elementor-video\"><\/div>\t\t<\/div>\n\t\t\t\t\t\t<\/div>\n\t\t\t\t<div class=\"elementor-element elementor-element-3ee96e4 elementor-widget elementor-widget-video\" data-id=\"3ee96e4\" data-element_type=\"widget\" data-settings=\"{&quot;youtube_url&quot;:&quot;https:\\\/\\\/www.youtube.com\\\/watch?v=XHOmBV4js_E&quot;,&quot;video_type&quot;:&quot;youtube&quot;,&quot;controls&quot;:&quot;yes&quot;}\" data-widget_type=\"video.default\">\n\t\t\t\t\t\t\t<div class=\"elementor-wrapper elementor-open-inline\">\n\t\t\t<div class=\"elementor-video\"><\/div>\t\t<\/div>\n\t\t\t\t\t\t<\/div>\n\t\t\t\t<\/div>\n\t\t\t\t\t<\/div>\n\t\t\t\t<\/div>\n\t\t\t\t<\/div>\n\t\t","protected":false},"excerpt":{"rendered":"<p>Partenaires M\u00e9dias Connect Tunisia a eu l\u2019honneur de collaborer avec plusieurs m\u00e9dias influents qui ont permis de donner plus de visibilit\u00e9 \u00e0 notre \u00e9v\u00e9nement. Leur soutien contribue \u00e0 renforcer la<\/p>\n","protected":false},"author":1,"featured_media":0,"parent":0,"menu_order":0,"comment_status":"closed","ping_status":"closed","template":"","meta":{"footnotes":""},"class_list":["post-7761","page","type-page","status-publish","hentry"],"_links":{"self":[{"href":"https:\/\/rc2tworld.net\/website\/wp-json\/wp\/v2\/pages\/7761","targetHints":{"allow":["GET"]}}],"collection":[{"href":"https:\/\/rc2tworld.net\/website\/wp-json\/wp\/v2\/pages"}],"about":[{"href":"https:\/\/rc2tworld.net\/website\/wp-json\/wp\/v2\/types\/page"}],"author":[{"embeddable":true,"href":"https:\/\/rc2tworld.net\/website\/wp-json\/wp\/v2\/users\/1"}],"replies":[{"embeddable":true,"href":"https:\/\/rc2tworld.net\/website\/wp-json\/wp\/v2\/comments?post=7761"}],"version-history":[{"count":8,"href":"https:\/\/rc2tworld.net\/website\/wp-json\/wp\/v2\/pages\/7761\/revisions"}],"predecessor-version":[{"id":8491,"href":"https:\/\/rc2tworld.net\/website\/wp-json\/wp\/v2\/pages\/7761\/revisions\/8491"}],"wp:attachment":[{"href":"https:\/\/rc2tworld.net\/website\/wp-json\/wp\/v2\/media?parent=7761"}],"curies":[{"name":"wp","href":"https:\/\/api.w.org\/{rel}","templated":true}]}}