{"id":8209,"date":"2025-11-07T12:16:11","date_gmt":"2025-11-07T11:16:11","guid":{"rendered":"https:\/\/rctt.ratnafy.com\/?page_id=8209"},"modified":"2025-11-17T11:37:44","modified_gmt":"2025-11-17T10:37:44","slug":"club-foot-ball","status":"publish","type":"page","link":"https:\/\/rc2tworld.net\/website\/club-foot-ball\/","title":{"rendered":"Club Football"},"content":{"rendered":"\t\t<div data-elementor-type=\"wp-page\" data-elementor-id=\"8209\" class=\"elementor elementor-8209\" data-elementor-post-type=\"page\">\n\t\t\t\t<div class=\"elementor-element elementor-element-b4826ca e-flex e-con-boxed e-con e-parent\" data-id=\"b4826ca\" data-element_type=\"container\">\n\t\t\t\t\t<div class=\"e-con-inner\">\n\t\t<div class=\"elementor-element elementor-element-cd7cf5f e-con-full e-flex e-con e-child\" data-id=\"cd7cf5f\" data-element_type=\"container\">\n\t\t\t\t<div class=\"elementor-element elementor-element-c23d6ca elementor-widget elementor-widget-spacer\" data-id=\"c23d6ca\" data-element_type=\"widget\" data-widget_type=\"spacer.default\">\n\t\t\t\t\t\t\t<div class=\"elementor-spacer\">\n\t\t\t<div class=\"elementor-spacer-inner\"><\/div>\n\t\t<\/div>\n\t\t\t\t\t\t<\/div>\n\t\t\t\t<div class=\"elementor-element elementor-element-c502c72 elementor-widget elementor-widget-heading\" data-id=\"c502c72\" data-element_type=\"widget\" data-widget_type=\"heading.default\">\n\t\t\t\t\t<h1 class=\"elementor-heading-title elementor-size-default\">Le Club de Football RC2T<\/h1>\t\t\t\t<\/div>\n\t\t\t\t<div class=\"elementor-element elementor-element-94c160d elementor-widget elementor-widget-text-editor\" data-id=\"94c160d\" data-element_type=\"widget\" data-widget_type=\"text-editor.default\">\n\t\t\t\t\t\t\t\t\t<p style=\"color: #161c2d;\">Un espace de sport, d\u2019amiti\u00e9 et de fair-play pour notre communaut\u00e9 \u00e0 Toulouse<\/p>\n\t\t\t\t\t\t\t\t<\/div>\n\t\t\t\t<div class=\"elementor-element elementor-element-69afb6e elementor-widget-divider--view-line elementor-widget elementor-widget-divider\" data-id=\"69afb6e\" data-element_type=\"widget\" data-widget_type=\"divider.default\">\n\t\t\t\t\t\t\t<div class=\"elementor-divider\">\n\t\t\t<span class=\"elementor-divider-separator\">\n\t\t\t\t\t\t<\/span>\n\t\t<\/div>\n\t\t\t\t\t\t<\/div>\n\t\t\t\t<div class=\"elementor-element elementor-element-564a4c8 elementor-widget elementor-widget-text-editor\" data-id=\"564a4c8\" data-element_type=\"widget\" data-widget_type=\"text-editor.default\">\n\t\t\t\t\t\t\t\t\t<p style=\"color: #161c2d;\">Depuis <strong data-start=\"758\" data-end=\"774\">janvier 2023<\/strong>, le RC2T organise chaque semaine des <strong data-start=\"812\" data-end=\"842\">matchs amicaux de football<\/strong> sur le <strong data-start=\"850\" data-end=\"875\">terrain des Pradettes<\/strong>, mis \u00e0 disposition par le club local.<br data-start=\"913\" data-end=\"916\" \/>Cette initiative a permis de <strong data-start=\"945\" data-end=\"970\">renforcer la coh\u00e9sion<\/strong> entre les membres et de <strong data-start=\"995\" data-end=\"1037\">d\u00e9velopper un v\u00e9ritable esprit sportif<\/strong> au sein de notre communaut\u00e9.<\/p>\n\t\t\t\t\t\t\t\t<\/div>\n\t\t\t\t<div class=\"elementor-element elementor-element-3d94f36 elementor-widget elementor-widget-spacer\" data-id=\"3d94f36\" data-element_type=\"widget\" data-widget_type=\"spacer.default\">\n\t\t\t\t\t\t\t<div class=\"elementor-spacer\">\n\t\t\t<div class=\"elementor-spacer-inner\"><\/div>\n\t\t<\/div>\n\t\t\t\t\t\t<\/div>\n\t\t\t\t<\/div>\n\t\t<div class=\"elementor-element elementor-element-dcaee94 e-con-full elementor-hidden-mobile e-flex e-con e-child\" data-id=\"dcaee94\" data-element_type=\"container\" data-settings=\"{&quot;background_background&quot;:&quot;classic&quot;}\">\n\t\t\t\t<\/div>\n\t\t\t\t\t<\/div>\n\t\t\t\t<\/div>\n\t\t<div class=\"elementor-element elementor-element-9a3b82c e-flex e-con-boxed e-con e-parent\" data-id=\"9a3b82c\" data-element_type=\"container\">\n\t\t\t\t\t<div class=\"e-con-inner\">\n\t\t<div class=\"elementor-element elementor-element-a09d92c e-con-full e-flex e-con e-child\" data-id=\"a09d92c\" data-element_type=\"container\">\n\t\t\t\t<div class=\"elementor-element elementor-element-3c96368 elementor-widget elementor-widget-heading\" data-id=\"3c96368\" data-element_type=\"widget\" data-widget_type=\"heading.default\">\n\t\t\t\t\t<h1 class=\"elementor-heading-title elementor-size-default\">Nos valeurs et Engagements<\/h1>\t\t\t\t<\/div>\n\t\t\t\t<div class=\"elementor-element elementor-element-2b0a96c elementor-widget elementor-widget-text-editor\" data-id=\"2b0a96c\" data-element_type=\"widget\" data-widget_type=\"text-editor.default\">\n\t\t\t\t\t\t\t\t\t<p style=\"color: #161c2d;\">Un esprit d\u2019\u00e9quipe bas\u00e9 sur le respect et la convivialit\u00e9<\/p>\n\t\t\t\t\t\t\t\t<\/div>\n\t\t\t\t<\/div>\n\t\t<div class=\"elementor-element elementor-element-2a4ee9e e-con-full e-flex e-con e-child\" data-id=\"2a4ee9e\" data-element_type=\"container\">\n\t\t<div class=\"elementor-element elementor-element-83c424c e-con-full e-flex e-con e-child\" data-id=\"83c424c\" data-element_type=\"container\">\n\t\t\t\t<div class=\"elementor-element elementor-element-03993ea elementor-position-top elementor-widget elementor-widget-image-box\" data-id=\"03993ea\" data-element_type=\"widget\" data-widget_type=\"image-box.default\">\n\t\t\t\t\t<div class=\"elementor-image-box-wrapper\"><figure class=\"elementor-image-box-img\"><img decoding=\"async\" width=\"128\" height=\"128\" src=\"https:\/\/rc2tworld.net\/website\/wp-content\/uploads\/2025\/11\/acquisition.png\" class=\"attachment-full size-full wp-image-8214\" alt=\"\" srcset=\"https:\/\/rc2tworld.net\/website\/wp-content\/uploads\/2025\/11\/acquisition.png 128w, https:\/\/rc2tworld.net\/website\/wp-content\/uploads\/2025\/11\/acquisition-50x50.png 50w\" sizes=\"(max-width: 128px) 100vw, 128px\" \/><\/figure><div class=\"elementor-image-box-content\"><h3 class=\"elementor-image-box-title\">Une charte de bonne conduite encadre chaque rencontre.<\/h3><\/div><\/div>\t\t\t\t<\/div>\n\t\t\t\t<\/div>\n\t\t<div class=\"elementor-element elementor-element-03cea27 e-con-full e-flex e-con e-child\" data-id=\"03cea27\" data-element_type=\"container\">\n\t\t\t\t<div class=\"elementor-element elementor-element-5ef8f50 elementor-position-top elementor-widget elementor-widget-image-box\" data-id=\"5ef8f50\" data-element_type=\"widget\" data-widget_type=\"image-box.default\">\n\t\t\t\t\t<div class=\"elementor-image-box-wrapper\"><figure class=\"elementor-image-box-img\"><img decoding=\"async\" width=\"128\" height=\"128\" src=\"https:\/\/rc2tworld.net\/website\/wp-content\/uploads\/2025\/11\/hand.png\" class=\"attachment-full size-full wp-image-8215\" alt=\"\" srcset=\"https:\/\/rc2tworld.net\/website\/wp-content\/uploads\/2025\/11\/hand.png 128w, https:\/\/rc2tworld.net\/website\/wp-content\/uploads\/2025\/11\/hand-50x50.png 50w\" sizes=\"(max-width: 128px) 100vw, 128px\" \/><\/figure><div class=\"elementor-image-box-content\"><h3 class=\"elementor-image-box-title\">Chaque joueur participe par une cotisation symbolique pour soutenir l\u2019organisation.<\/h3><\/div><\/div>\t\t\t\t<\/div>\n\t\t\t\t<\/div>\n\t\t<div class=\"elementor-element elementor-element-f61b7df e-con-full e-flex e-con e-child\" data-id=\"f61b7df\" data-element_type=\"container\">\n\t\t\t\t<div class=\"elementor-element elementor-element-5f5082a elementor-position-top elementor-widget elementor-widget-image-box\" data-id=\"5f5082a\" data-element_type=\"widget\" data-widget_type=\"image-box.default\">\n\t\t\t\t\t<div class=\"elementor-image-box-wrapper\"><figure class=\"elementor-image-box-img\"><img decoding=\"async\" width=\"128\" height=\"128\" src=\"https:\/\/rc2tworld.net\/website\/wp-content\/uploads\/2025\/11\/volunteering.png\" class=\"attachment-full size-full wp-image-8213\" alt=\"\" srcset=\"https:\/\/rc2tworld.net\/website\/wp-content\/uploads\/2025\/11\/volunteering.png 128w, https:\/\/rc2tworld.net\/website\/wp-content\/uploads\/2025\/11\/volunteering-50x50.png 50w\" sizes=\"(max-width: 128px) 100vw, 128px\" \/><\/figure><div class=\"elementor-image-box-content\"><h3 class=\"elementor-image-box-title\">L\u2019accent est mis sur le fair-play, la solidarit\u00e9 et la diversit\u00e9 culturelle.<\/h3><\/div><\/div>\t\t\t\t<\/div>\n\t\t\t\t<\/div>\n\t\t\t\t<\/div>\n\t\t\t\t\t<\/div>\n\t\t\t\t<\/div>\n\t\t<div class=\"elementor-element elementor-element-201943a e-flex e-con-boxed e-con e-parent\" data-id=\"201943a\" data-element_type=\"container\">\n\t\t\t\t\t<div class=\"e-con-inner\">\n\t\t<div class=\"elementor-element elementor-element-cea41eb e-con-full e-flex e-con e-child\" data-id=\"cea41eb\" data-element_type=\"container\">\n\t\t\t\t<div class=\"elementor-element elementor-element-57afa17 elementor-widget elementor-widget-heading\" data-id=\"57afa17\" data-element_type=\"widget\" data-widget_type=\"heading.default\">\n\t\t\t\t\t<h1 class=\"elementor-heading-title elementor-size-default\">Les Matchs et l\u2019Esprit de Comp\u00e9tition<\/h1>\t\t\t\t<\/div>\n\t\t\t\t<\/div>\n\t\t<div class=\"elementor-element elementor-element-e824aea e-con-full e-flex e-con e-child\" data-id=\"e824aea\" data-element_type=\"container\">\n\t\t\t\t<div class=\"elementor-element elementor-element-07e7454 elementor-widget elementor-widget-text-editor\" data-id=\"07e7454\" data-element_type=\"widget\" data-widget_type=\"text-editor.default\">\n\t\t\t\t\t\t\t\t\t<p style=\"color: #161c2d;\">Les rencontres opposaient l\u2019\u00e9quipe RC2T \u00e0 des formations reconnues pour leur <strong data-start=\"1754\" data-end=\"1768\">bon niveau<\/strong> et leur <strong data-start=\"1777\" data-end=\"1806\">discipline sur le terrain<\/strong>, dans un esprit de comp\u00e9tition saine et amicale.<\/p>\n\t\t\t\t\t\t\t\t<\/div>\n\t\t\t\t<div class=\"elementor-element elementor-element-85d40a1 elementor-widget elementor-widget-text-editor\" data-id=\"85d40a1\" data-element_type=\"widget\" data-widget_type=\"text-editor.default\">\n\t\t\t\t\t\t\t\t\t<p style=\"color: #161c2d;\">Chaque match est une <strong data-start=\"1879\" data-end=\"1902\">occasion de partage<\/strong>, de <strong data-start=\"1907\" data-end=\"1925\">d\u00e9fi personnel<\/strong>, et de <strong data-start=\"1933\" data-end=\"1954\">plaisir collectif<\/strong>.<\/p>\n\t\t\t\t\t\t\t\t<\/div>\n\t\t\t\t<\/div>\n\t\t\t\t\t<\/div>\n\t\t\t\t<\/div>\n\t\t<div class=\"elementor-element elementor-element-5d09117 e-flex e-con-boxed e-con e-parent\" data-id=\"5d09117\" data-element_type=\"container\">\n\t\t\t\t\t<div class=\"e-con-inner\">\n\t\t<div class=\"elementor-element elementor-element-4d48c37 e-con-full e-flex e-con e-child\" data-id=\"4d48c37\" data-element_type=\"container\">\n\t\t\t\t<div class=\"elementor-element elementor-element-08452a3 elementor-widget elementor-widget-heading\" data-id=\"08452a3\" data-element_type=\"widget\" data-widget_type=\"heading.default\">\n\t\t\t\t\t<h1 class=\"elementor-heading-title elementor-size-default\">Pause et Prochaines \u00c9tapes<\/h1>\t\t\t\t<\/div>\n\t\t\t\t<\/div>\n\t\t<div class=\"elementor-element elementor-element-3a20c0f e-con-full e-flex e-con e-child\" data-id=\"3a20c0f\" data-element_type=\"container\">\n\t\t\t\t<div class=\"elementor-element elementor-element-1a33ec5 elementor-widget elementor-widget-text-editor\" data-id=\"1a33ec5\" data-element_type=\"widget\" data-widget_type=\"text-editor.default\">\n\t\t\t\t\t\t\t\t\t<p style=\"color: #161c2d;\">L\u2019activit\u00e9 est <strong data-start=\"2028\" data-end=\"2074\">temporairement suspendue depuis d\u00e9but 2025<\/strong> en raison de <strong data-start=\"2088\" data-end=\"2128\">travaux sur le terrain des Pradettes<\/strong>.<br data-start=\"2129\" data-end=\"2132\" \/>La <strong data-start=\"2135\" data-end=\"2178\">reprise des matchs est pr\u00e9vue pour 2026<\/strong>, \u00e0 la fin des r\u00e9novations, avec un retour encore plus fort et structur\u00e9.<\/p>\n\t\t\t\t\t\t\t\t<\/div>\n\t\t\t\t<div class=\"elementor-element elementor-element-c30e7dc elementor-widget elementor-widget-text-editor\" data-id=\"c30e7dc\" data-element_type=\"widget\" data-widget_type=\"text-editor.default\">\n\t\t\t\t\t\t\t\t\t<p style=\"color: #161c2d;\">En rejoignant le Club Sant\u00e9, vous prenez part \u00e0 une dynamique collective qui stimule la collaboration et fait rayonner les talents tunisiens du secteur m\u00e9dical.<\/p>\n\t\t\t\t\t\t\t\t<\/div>\n\t\t\t\t<div class=\"elementor-element elementor-element-805e364 elementor-widget elementor-widget-text-editor\" data-id=\"805e364\" data-element_type=\"widget\" data-widget_type=\"text-editor.default\">\n\t\t\t\t\t\t\t\t\t<p style=\"color: #161c2d;\">Encadr\u00e9 d\u2019information :<\/p>\n\t\t\t\t\t\t\t\t<\/div>\n\t\t\t\t<div class=\"elementor-element elementor-element-131167c elementor-icon-list--layout-traditional elementor-list-item-link-full_width elementor-widget elementor-widget-icon-list\" data-id=\"131167c\" data-element_type=\"widget\" data-widget_type=\"icon-list.default\">\n\t\t\t\t\t\t\t<ul class=\"elementor-icon-list-items\">\n\t\t\t\t\t\t\t<li class=\"elementor-icon-list-item\">\n\t\t\t\t\t\t\t\t\t\t\t<span class=\"elementor-icon-list-icon\">\n\t\t\t\t\t\t\t<svg aria-hidden=\"true\" class=\"e-font-icon-svg e-far-calendar-alt\" viewBox=\"0 0 448 512\" xmlns=\"http:\/\/www.w3.org\/2000\/svg\"><path d=\"M148 288h-40c-6.6 0-12-5.4-12-12v-40c0-6.6 5.4-12 12-12h40c6.6 0 12 5.4 12 12v40c0 6.6-5.4 12-12 12zm108-12v-40c0-6.6-5.4-12-12-12h-40c-6.6 0-12 5.4-12 12v40c0 6.6 5.4 12 12 12h40c6.6 0 12-5.4 12-12zm96 0v-40c0-6.6-5.4-12-12-12h-40c-6.6 0-12 5.4-12 12v40c0 6.6 5.4 12 12 12h40c6.6 0 12-5.4 12-12zm-96 96v-40c0-6.6-5.4-12-12-12h-40c-6.6 0-12 5.4-12 12v40c0 6.6 5.4 12 12 12h40c6.6 0 12-5.4 12-12zm-96 0v-40c0-6.6-5.4-12-12-12h-40c-6.6 0-12 5.4-12 12v40c0 6.6 5.4 12 12 12h40c6.6 0 12-5.4 12-12zm192 0v-40c0-6.6-5.4-12-12-12h-40c-6.6 0-12 5.4-12 12v40c0 6.6 5.4 12 12 12h40c6.6 0 12-5.4 12-12zm96-260v352c0 26.5-21.5 48-48 48H48c-26.5 0-48-21.5-48-48V112c0-26.5 21.5-48 48-48h48V12c0-6.6 5.4-12 12-12h40c6.6 0 12 5.4 12 12v52h128V12c0-6.6 5.4-12 12-12h40c6.6 0 12 5.4 12 12v52h48c26.5 0 48 21.5 48 48zm-48 346V160H48v298c0 3.3 2.7 6 6 6h340c3.3 0 6-2.7 6-6z\"><\/path><\/svg>\t\t\t\t\t\t<\/span>\n\t\t\t\t\t\t\t\t\t\t<span class=\"elementor-icon-list-text\">Reprise pr\u00e9vue : d\u00e9but 2026<\/span>\n\t\t\t\t\t\t\t\t\t<\/li>\n\t\t\t\t\t\t\t\t<li class=\"elementor-icon-list-item\">\n\t\t\t\t\t\t\t\t\t\t\t<span class=\"elementor-icon-list-icon\">\n\t\t\t\t\t\t\t<svg aria-hidden=\"true\" class=\"e-font-icon-svg e-fas-map-pin\" viewBox=\"0 0 288 512\" xmlns=\"http:\/\/www.w3.org\/2000\/svg\"><path d=\"M112 316.94v156.69l22.02 33.02c4.75 7.12 15.22 7.12 19.97 0L176 473.63V316.94c-10.39 1.92-21.06 3.06-32 3.06s-21.61-1.14-32-3.06zM144 0C64.47 0 0 64.47 0 144s64.47 144 144 144 144-64.47 144-144S223.53 0 144 0zm0 76c-37.5 0-68 30.5-68 68 0 6.62-5.38 12-12 12s-12-5.38-12-12c0-50.73 41.28-92 92-92 6.62 0 12 5.38 12 12s-5.38 12-12 12z\"><\/path><\/svg>\t\t\t\t\t\t<\/span>\n\t\t\t\t\t\t\t\t\t\t<span class=\"elementor-icon-list-text\">Lieu : Terrain des Pradettes \u2013 Toulouse<\/span>\n\t\t\t\t\t\t\t\t\t<\/li>\n\t\t\t\t\t\t<\/ul>\n\t\t\t\t\t\t<\/div>\n\t\t\t\t<\/div>\n\t\t\t\t\t<\/div>\n\t\t\t\t<\/div>\n\t\t<div class=\"elementor-element elementor-element-3b5f4b2 e-flex e-con-boxed e-con e-parent\" data-id=\"3b5f4b2\" data-element_type=\"container\">\n\t\t\t\t\t<div class=\"e-con-inner\">\n\t\t<div class=\"elementor-element elementor-element-c876036 e-con-full e-flex e-con e-child\" data-id=\"c876036\" data-element_type=\"container\">\n\t\t\t\t<div class=\"elementor-element elementor-element-a62000a elementor-widget elementor-widget-heading\" data-id=\"a62000a\" data-element_type=\"widget\" data-widget_type=\"heading.default\">\n\t\t\t\t\t<h1 class=\"elementor-heading-title elementor-size-default\">Rejoindre notre \u00e9quipe<\/h1>\t\t\t\t<\/div>\n\t\t\t\t<\/div>\n\t\t<div class=\"elementor-element elementor-element-e2e4871 e-con-full e-flex e-con e-child\" data-id=\"e2e4871\" data-element_type=\"container\">\n\t\t\t\t<div class=\"elementor-element elementor-element-beefcdf elementor-widget elementor-widget-text-editor\" data-id=\"beefcdf\" data-element_type=\"widget\" data-widget_type=\"text-editor.default\">\n\t\t\t\t\t\t\t\t\t<p style=\"color: #161c2d;\">Vous souhaitez rejoindre notre \u00e9quipe ou simplement venir encourager les joueurs ?<\/p>\n\t\t\t\t\t\t\t\t<\/div>\n\t\t\t\t<div class=\"elementor-element elementor-element-e572377 elementor-widget elementor-widget-text-editor\" data-id=\"e572377\" data-element_type=\"widget\" data-widget_type=\"text-editor.default\">\n\t\t\t\t\t\t\t\t\t<p style=\"color: #161c2d;\"><strong data-start=\"2881\" data-end=\"2899\">Contactez-nous<\/strong> pour en savoir plus sur les prochaines inscriptions !<\/p>\n\t\t\t\t\t\t\t\t<\/div>\n\t\t\t\t<div class=\"elementor-element elementor-element-20c818b elementor-widget elementor-widget-html\" data-id=\"20c818b\" data-element_type=\"widget\" data-widget_type=\"html.default\">\n\t\t\t\t\t<iframe \r\n    id=\"haWidget\" \r\n    allowtransparency=\"true\"\r\n    src=\"https:\/\/www.helloasso.com\/associations\/rctt\/adhesions\/adhesion-au-rctt\/widget\"\r\n    style=\"width: 100%; border: none; overflow: hidden;\"\r\n><\/iframe>\r\n\r\n<script>\r\ndocument.addEventListener(\"DOMContentLoaded\", function () {\r\n    const haWidget = document.getElementById(\"haWidget\");\r\n\r\n    if (!window._haWidgetListenerAdded) { \r\n        window._haWidgetListenerAdded = true;\r\n\r\n        window.addEventListener(\"message\", function (e) {\r\n            if (e.data && e.data.height) {\r\n                haWidget.style.height = e.data.height + \"px\";\r\n            }\r\n        });\r\n    }\r\n});\r\n<\/script>\r\n\t\t\t\t<\/div>\n\t\t\t\t<\/div>\n\t\t\t\t\t<\/div>\n\t\t\t\t<\/div>\n\t\t\t\t<\/div>\n\t\t","protected":false},"excerpt":{"rendered":"<p>Le Club de Football RC2T Un espace de sport, d\u2019amiti\u00e9 et de fair-play pour notre communaut\u00e9 \u00e0 Toulouse Depuis janvier 2023, le RC2T organise chaque semaine des matchs amicaux de<\/p>\n","protected":false},"author":1,"featured_media":0,"parent":0,"menu_order":0,"comment_status":"closed","ping_status":"closed","template":"","meta":{"footnotes":""},"class_list":["post-8209","page","type-page","status-publish","hentry"],"_links":{"self":[{"href":"https:\/\/rc2tworld.net\/website\/wp-json\/wp\/v2\/pages\/8209","targetHints":{"allow":["GET"]}}],"collection":[{"href":"https:\/\/rc2tworld.net\/website\/wp-json\/wp\/v2\/pages"}],"about":[{"href":"https:\/\/rc2tworld.net\/website\/wp-json\/wp\/v2\/types\/page"}],"author":[{"embeddable":true,"href":"https:\/\/rc2tworld.net\/website\/wp-json\/wp\/v2\/users\/1"}],"replies":[{"embeddable":true,"href":"https:\/\/rc2tworld.net\/website\/wp-json\/wp\/v2\/comments?post=8209"}],"version-history":[{"count":16,"href":"https:\/\/rc2tworld.net\/website\/wp-json\/wp\/v2\/pages\/8209\/revisions"}],"predecessor-version":[{"id":8283,"href":"https:\/\/rc2tworld.net\/website\/wp-json\/wp\/v2\/pages\/8209\/revisions\/8283"}],"wp:attachment":[{"href":"https:\/\/rc2tworld.net\/website\/wp-json\/wp\/v2\/media?parent=8209"}],"curies":[{"name":"wp","href":"https:\/\/api.w.org\/{rel}","templated":true}]}}